4*b**2 + 4*b**3 + 3. What are the prime factors of y(4)?
2
Let z(v) be the third derivative of -v**4/24 + v**3/2 - v**2. Suppose 3*j - 16 = 4*u + 4, 0 = 3*j. List the prime factors of z(u).
2
Let z be (2 - 1)/(3/12). Let s(y) = 2*y + 1. What are the prime factors of s(z)?
3
Let x(v) = 2*v**2 - 7*v - 6. Let r be x(6). Suppose 3*j + j + r = 0. Let u = 3 - j. List the prime factors of u.
3
Let r(o) = 36*o**2 - 2*o + 1. What are the prime factors of r(1)?
5, 7
Suppose 5*u = -10, 0*t + 4*u + 148 = 2*t. Let x be (32/(-20))/((-4)/t). Suppose -4*j - 8 = -x. List the prime factors of j.
5
Let k be (74 - (-2)/1) + 1. Let h be (-1)/(-4) - k/(-28). Suppose 5*j + h*d - 53 = 0, 0*d + 2 = 2*d. What are the prime factors of j?
2, 5
Let a(x) = 13*x - 3. Let u be a(2). Let z = -5 + u. What are the prime factors of z?
2, 3
Let v = -29 + 58. What are the prime factors of v?
29
Let b(v) = -4 + 2 + 2*v - 2*v + 2*v**3. List the prime factors of b(2).
2, 7
Let o be -15*(2 - 8/5). Let g be 2/o - 58/6. Let r = g + 20. List the prime factors of r.
2, 5
Let h = 44 + 64. What are the prime factors of h?
2, 3
Let z = 6 + -8. Let x be z/(-4)*(6 + 4). Suppose -3*n - 5*v = -x*n + 3, 0 = -4*n + 4*v + 24. What are the prime factors of n?
3
Let q be (-8)/(-6)*(10 + -325). What are the prime factors of q/(-26) - (-2)/(-13)?
2
List the prime factors of (2 + 16/20)*5.
2, 7
List the prime factors of (3000/4)/5 + 1.
151
Let m(o) = 3 - 4*o - 6 + 3. List the prime factors of m(-3).
2, 3
Let o(c) = -2*c**2 - c + 3. Let q be o(-4). Let j = -4 - q. What are the prime factors of j?
3, 7
Let j(u) = u**3 - 4*u**2 - 5. Let z be j(5). What are the prime factors of (-2)/(-6) + z/3?
7
Let n(r) = 75*r**2 - 5. What are the prime factors of n(-2)?
5, 59
Suppose -3*u + 0*u = 3. What are the prime factors of u - ((-2)/1 + -1)?
2
Let a = -494 + 795. List the prime factors of a.
7, 43
Let u = -176 - -363. What are the prime factors of u?
11, 17
Suppose -4*b + 24 = -8. Suppose -b*h + 40 = -3*h. List the prime factors of h.
2
Let a(n) = -n**3 + 4*n**2 - 5*n + 2. Let w = -3 + 6. Let i be a(w). What are the prime factors of i/(-6) + 25/3?
3
Let k = 0 - -2. Let m be (k - 3 - 0)*-2. Let z(t) = 4*t**2 + 2. What are the prime factors of z(m)?
2, 3
Let r = -94 - -137. Let l = 61 - r. Suppose -2*k = k - l. List the prime factors of k.
2, 3
Let n be ((-7)/3)/(3/9). Let x = -9 - n. List the prime factors of 26/4 - (-1)/x.
2, 3
Suppose -136 = 4*v - 704. What are the prime factors of v?
2, 71
Let c = -92 - -208. What are the prime factors of ((-4)/8)/((-2)/c)?
29
Let g(u) = u. Let i be g(0). Suppose -9 = -3*a - i. Suppose r + 1 = a. What are the prime factors of r?
2
Let y(n) be the first derivative of -n**3/3 - 6*n**2 + n - 3. List the prime factors of y(-8).
3, 11
Suppose -8*t + 2*t + 210 = 0. List the prime factors of t.
5, 7
Let a = 29 - -35. What are the prime factors of a?
2
What are the prime factors of (-20)/(-2)*36/90?
2
Let h(u) = -111*u - 4. What are the prime factors of h(-2)?
2, 109
Suppose 2*r - 3*a = -9, -2*r + 5*a - 13 = r. List the prime factors of (r/4)/((-18)/96).
2
Let n(m) = -m**3 - 6*m**2 - 2*m - 6. Let l be n(-6). Suppose 0 = 3*g - l*g + 93. List the prime factors of g.
31
Suppose 6*j - j = 0. Suppose j = -4*a + a + 51. List the prime factors of a.
17
Suppose -3*o - 4*a + 228 = 0, -2*o = 3*o - a - 403. List the prime factors of o.
2, 5
Let o(y) = -y**3 - 6*y**2 - 3*y - 7. Let n = -2 - 4. List the prime factors of o(n).
11
Let s be (1/(-2))/((-5)/40). Suppose s*t = -0*t + 24. What are the prime factors of t/6 + (6 - 0)?
7
What are the prime factors of 10/(-4)*(-15964)/130?
307
What are the prime factors of (-3)/15 - 464/(-20)?
23
Suppose 0 = 5*d - 2*g - 162 - 65, -4*g = 4. List the prime factors of d.
3, 5
List the prime factors of (-2)/(2/(-669)*3)*1.
223
Let f = -3 + 8. Suppose 6*t = f*t + 20. List the prime factors of t.
2, 5
Let t be (3 + -3 - -6) + 1. Suppose 3*n - 11 = t. What are the prime factors of ((-2)/n)/(1/(-21))?
7
Suppose -5*r + 7 + 3 = 0. Suppose 0 = s - 6*s - r*x + 170, 0 = 4*s - 3*x - 159. List the prime factors of s.
2, 3
Suppose a + 4*c = 10 + 10, -2*a = 5*c - 34. Suppose 3*d - a = 24. What are the prime factors of d?
2, 3
Let k be -6*(0 + (-1)/2). Suppose k*n = -5*h + 101, -4*h - 3*n + 63 = -h. List the prime factors of h/(0 - (-1 - 0)).
19
List the prime factors of ((-75)/(-4))/(15/40).
2, 5
Let w be 3/(1 + (-15)/6). What are the prime factors of -1 + w + 3 + 10?
2, 5
Suppose n - 68 = -n. Suppose 3*r - n = 3*w + w, w + 1 = 0. What are the prime factors of r?
2, 5
Let j = 52 + 48. List the prime factors of j.
2, 5
Suppose 2*r + 3*r = -2*t - 274, 0 = -r - 4*t - 62. What are the prime factors of (-2)/9 - 1092/r?
2, 5
Let t(m) = -m**2 + 5*m + 5. List the prime factors of t(5).
5
Suppose i = 4*v + 107, i - 86 = -2*v + 27. What are the prime factors of i?
3, 37
Let a(q) = -3*q - 2. Let t be a(-3). Let o(b) = -b + 9. Let w be o(t). Suppose -c - 11 = -w*c. What are the prime factors of c?
11
Suppose 2*p - 351 = -5*q - p, -3*p = -6. List the prime factors of q.
3, 23
Let u(p) = -2*p - 3. Let i be u(3). What are the prime factors of (-3)/i + (-20)/(-3)?
7
Let p be 69/21 - (-4)/(-14). Suppose 4 = 2*u - 6. Suppose p + 2 = u*b, 4*b + 26 = 5*c. List the prime factors of c.
2, 3
Let g(n) = 4*n**2 + n. Let l be g(-1). Suppose t = l*t - 8. List the prime factors of t.
2
Let o = -25 + 50. What are the prime factors of o?
5
Let w(l) = 18*l - 1. Suppose 5*r + 76 = -14. Let b be (-12)/r + 1/3. List the prime factors of w(b).
17
Suppose 2*w - 129 - 7 = 0. Suppose 5*r - 3*r - w = 0. What are the prime factors of r?
2, 17
Suppose 2*f - 5*c - 447 = 0, 7*f - 4*c = 5*f + 448. What are the prime factors of f?
2, 113
Let v = -81 - -143. List the prime factors of v.
2, 31
Suppose -3*n + 4 = -n. Let y be 1 - 1 - (n + -2). Suppose 5*m - 15 - 10 = y. List the prime factors of m.
5
Suppose -7 = 4*w - 75. Suppose 2*m + 50 = 4*v, 2*m + 3 = 2*v - w. List the prime factors of v.
3, 5
Suppose 4*j + 5*x = 2*x + 4, 0 = -j + 2*x + 1. Let m(c) = -c**2 + c. Let t be m(j). Suppose p + 3*p - 36 = t. List the prime factors of p.
3
Let f be 6/1 + (2 - 2). Suppose -3*k - f = -4*k. List the prime factors of k.
2, 3
Suppose 4*c - c = -3*n + 252, -430 = -5*n - 3*c. What are the prime factors of n?
89
Suppose -4*f + 78 = -5*z + 2*z, -2*z - 80 = -4*f. List the prime factors of f.
3, 7
List the prime factors of 48 + -4 + 4/1.
2, 3
Suppose 7*o - 14 = -5*p + 3*o, 5*o - 3 = p. Suppose -p*l - 3*l + 20 = 0. List the prime factors of l.
2
Let r = 0 - -2. Suppose -14 + 46 = -r*o. Let h = 27 + o. What are the prime factors of h?
11
Let h(l) be the third derivative of l**5/15 - l**4/6 + l**3/3 + 5*l**2. Let o = -7 - -9. What are the prime factors of h(o)?
2, 5
Suppose -f = -3*f + 252. List the prime factors of f.
2, 3, 7
Suppose 197 = 3*j - 5*l, -3*l - 207 = -3*j - 0*j. What are the prime factors of j?
2, 37
Suppose 5*s + 4*i = 769, 6*s - 10*s + 5*i = -607. List the prime factors of s.
3, 17
Let l = -139 + 215. What are the prime factors of l?
2, 19
Let d be (-4)/((15/(-12))/(-5)). What are the prime factors of 16/24 - d/3?
2, 3
Let t(x) = x**2 - 3*x - 1. Let u(g) = g**3 + 4*g**2 - g. Let s be u(-4). List the prime factors of t(s).
3
Let t = 53 + 12. What are the prime factors of t?
5, 13
What are the prime factors of (17/(-2))/((-5)/50)?
5, 17
Let b(f) be the third derivative of f**6/120 - 7*f**5/60 - 7*f**4/24 + 2*f**2. What are the prime factors of b(8)?
2
Let a(v) = v**3 + 3*v**2 + 3*v + 2. Let g be a(-2). Let d = 3 + g. What are the prime factors of ((-8)/6)/(-2)*d?
2
Let p(q) = -q**3 - q**2 + q. Let g be p(-2). Let w(d) = 15*d - 5. What are the prime factors of w(g)?
5
Let q be -1*(0 - (-2 + -52)). Let y be q/1*(-4)/8. Let z = y - 19. What are the prime factors of z?
2
Let h(q) = -q. Suppose 2*z - 2 = z, 1 = n + 3*z. List the prime factors of h(n).
5
Let o(l) = 28*l + 11. Let w(p) = -14*p - 5. Let m(a) = -2*o(a) - 5*w(a). Let q be m(-3). List the prime factors of 6/q + 446/26.
17
Let y(x) = 2*x**2 + 4*x. What are the prime factors of y(-4)?
2
Let g(d) = -d - 1. Let i be g(4). Let x = -3 - i. What are the prime factors of 2*x - (-6 + 5)?
5
Let m(k) = -k**2 - 6*k - 5. Let p be m(-5). Let o = 1 + p. What are the prime factors o